[INFO] cloning repository https://github.com/adrianisuru/julia_set_explorer
[INFO] running `Command { std: "git" "-c" "credential.helper=" "-c" "credential.helper=/workspace/cargo-home/bin/git-credential-null" "clone" "--bare" "https://github.com/adrianisuru/julia_set_explorer" "/workspace/cache/git-repos/https%3A%2F%2Fgithub.com%2Fadrianisuru%2Fjulia_set_explorer", kill_on_drop: false }`
[INFO] [stderr] Cloning into bare repository '/workspace/cache/git-repos/https%3A%2F%2Fgithub.com%2Fadrianisuru%2Fjulia_set_explorer'...
[INFO] running `Command { std: "git" "rev-parse" "HEAD", kill_on_drop: false }`
[INFO] [stdout] c7d4db189e0762b01b790179005a26e6dd7e7b93
[INFO] checking adrianisuru/julia_set_explorer against try#72f88fc4e9458f89516a0b8b0868f3718aec5b47 for pr-74989
[INFO] running `Command { std: "git" "clone" "/workspace/cache/git-repos/https%3A%2F%2Fgithub.com%2Fadrianisuru%2Fjulia_set_explorer" "/workspace/builds/worker-0/source", kill_on_drop: false }`
[INFO] [stderr] Cloning into '/workspace/builds/worker-0/source'...
[INFO] [stderr] done.
[INFO] validating manifest of git repo https://github.com/adrianisuru/julia_set_explorer on toolchain 72f88fc4e9458f89516a0b8b0868f3718aec5b47
[INFO] running `Command { std: "/workspace/cargo-home/bin/cargo" "+72f88fc4e9458f89516a0b8b0868f3718aec5b47" "read-manifest" "--manifest-path" "Cargo.toml", kill_on_drop: false }`
[INFO] started tweaking git repo https://github.com/adrianisuru/julia_set_explorer
[INFO] removed path dependency glium from git repo https://github.com/adrianisuru/julia_set_explorer
[INFO] finished tweaking git repo https://github.com/adrianisuru/julia_set_explorer
[INFO] tweaked toml for git repo https://github.com/adrianisuru/julia_set_explorer written to /workspace/builds/worker-0/source/Cargo.toml
[INFO] crate git repo https://github.com/adrianisuru/julia_set_explorer already has a lockfile, it will not be regenerated
[INFO] running `Command { std: "/workspace/cargo-home/bin/cargo" "+72f88fc4e9458f89516a0b8b0868f3718aec5b47" "fetch" "--locked" "--manifest-path" "Cargo.toml", kill_on_drop: false }`
[INFO] [stderr] warning: dependency (glium) specified without providing a local path, Git repository, or version to use. This will be considered an error in future versions
[INFO] [stderr]     Updating crates.io index
[INFO] [stderr] error: the lock file /workspace/builds/worker-0/source/Cargo.lock needs to be updated but --locked was passed to prevent this
[INFO] [stderr] If you want to try to generate the lock file without accessing the network, use the --offline flag.
[INFO] the lockfile is outdated, regenerating it
[INFO] running `Command { std: "/workspace/cargo-home/bin/cargo" "+72f88fc4e9458f89516a0b8b0868f3718aec5b47" "generate-lockfile" "--manifest-path" "Cargo.toml" "-Zno-index-update", kill_on_drop: false }`
[INFO] running `Command { std: "/workspace/cargo-home/bin/cargo" "+72f88fc4e9458f89516a0b8b0868f3718aec5b47" "fetch" "--locked" "--manifest-path" "Cargo.toml", kill_on_drop: false }`
[INFO] [stderr] warning: dependency (glium) specified without providing a local path, Git repository, or version to use. This will be considered an error in future versions
[INFO] running `Command { std: "docker" "create" "-v" "/var/lib/crater-agent-workspace/builds/worker-0/target:/opt/rustwide/target:rw,Z" "-v" "/var/lib/crater-agent-workspace/builds/worker-0/source:/opt/rustwide/workdir:ro,Z" "-v" "/var/lib/crater-agent-workspace/cargo-home:/opt/rustwide/cargo-home:ro,Z" "-v" "/var/lib/crater-agent-workspace/rustup-home:/opt/rustwide/rustup-home:ro,Z" "-e" "SOURCE_DIR=/opt/rustwide/workdir" "-e" "CARGO_TARGET_DIR=/opt/rustwide/target" "-e" "CARGO_HOME=/opt/rustwide/cargo-home" "-e" "RUSTUP_HOME=/opt/rustwide/rustup-home" "-w" "/opt/rustwide/workdir" "-m" "1610612736" "--user" "0:0" "--network" "none" "rustops/crates-build-env@sha256:d92eaeed33fa75130ca1ee6c8a01d1ffb62bac859dfdfb3450e3e5d1c0146529" "/opt/rustwide/cargo-home/bin/cargo" "+72f88fc4e9458f89516a0b8b0868f3718aec5b47" "metadata" "--no-deps" "--format-version=1", kill_on_drop: false }`
[INFO] [stdout] e0e7dd379ef9d5032ddfa5d5853414070cf19ccb53e1c8d76bdd87e54e5fd2d9
[INFO] [stderr] WARNING: Your kernel does not support swap limit capabilities or the cgroup is not mounted. Memory limited without swap.
[INFO] running `Command { std: "docker" "start" "-a" "e0e7dd379ef9d5032ddfa5d5853414070cf19ccb53e1c8d76bdd87e54e5fd2d9", kill_on_drop: false }`
[INFO] running `Command { std: "docker" "inspect" "e0e7dd379ef9d5032ddfa5d5853414070cf19ccb53e1c8d76bdd87e54e5fd2d9", kill_on_drop: false }`
[INFO] running `Command { std: "docker" "rm" "-f" "e0e7dd379ef9d5032ddfa5d5853414070cf19ccb53e1c8d76bdd87e54e5fd2d9", kill_on_drop: false }`
[INFO] [stdout] e0e7dd379ef9d5032ddfa5d5853414070cf19ccb53e1c8d76bdd87e54e5fd2d9
[INFO] running `Command { std: "docker" "create" "-v" "/var/lib/crater-agent-workspace/builds/worker-0/target:/opt/rustwide/target:rw,Z" "-v" "/var/lib/crater-agent-workspace/builds/worker-0/source:/opt/rustwide/workdir:ro,Z" "-v" "/var/lib/crater-agent-workspace/cargo-home:/opt/rustwide/cargo-home:ro,Z" "-v" "/var/lib/crater-agent-workspace/rustup-home:/opt/rustwide/rustup-home:ro,Z" "-e" "SOURCE_DIR=/opt/rustwide/workdir" "-e" "CARGO_TARGET_DIR=/opt/rustwide/target" "-e" "CARGO_INCREMENTAL=0" "-e" "RUST_BACKTRACE=full" "-e" "RUSTFLAGS=--cap-lints=forbid" "-e" "CARGO_HOME=/opt/rustwide/cargo-home" "-e" "RUSTUP_HOME=/opt/rustwide/rustup-home" "-w" "/opt/rustwide/workdir" "-m" "1610612736" "--user" "0:0" "--network" "none" "rustops/crates-build-env@sha256:d92eaeed33fa75130ca1ee6c8a01d1ffb62bac859dfdfb3450e3e5d1c0146529" "/opt/rustwide/cargo-home/bin/cargo" "+72f88fc4e9458f89516a0b8b0868f3718aec5b47" "check" "--frozen" "--all" "--all-targets" "--message-format=json", kill_on_drop: false }`
[INFO] [stdout] 45ba12a361c1331349c956e1dcec610628782173d97df61d2b800775e3ba7879
[INFO] [stderr] WARNING: Your kernel does not support swap limit capabilities or the cgroup is not mounted. Memory limited without swap.
[INFO] running `Command { std: "docker" "start" "-a" "45ba12a361c1331349c956e1dcec610628782173d97df61d2b800775e3ba7879", kill_on_drop: false }`
[INFO] [stderr] warning: dependency (glium) specified without providing a local path, Git repository, or version to use. This will be considered an error in future versions
[INFO] [stderr]    Compiling autocfg v1.0.1
[INFO] [stderr]    Compiling libc v0.2.77
[INFO] [stderr]    Compiling log v0.4.11
[INFO] [stderr]    Compiling xml-rs v0.8.3
[INFO] [stderr]    Compiling proc-macro2 v0.4.30
[INFO] [stderr]    Compiling maybe-uninit v2.0.0
[INFO] [stderr]    Compiling unicode-xid v0.1.0
[INFO] [stderr]    Compiling cfg-if v0.1.10
[INFO] [stderr]    Compiling libloading v0.6.3
[INFO] [stderr]    Compiling nix v0.14.1
[INFO] [stderr]     Checking void v1.0.2
[INFO] [stderr]     Checking lazycell v1.3.0
[INFO] [stderr]    Compiling pkg-config v0.3.18
[INFO] [stderr]     Checking downcast-rs v1.2.0
[INFO] [stderr]     Checking same-file v1.0.6
[INFO] [stderr]     Checking adler32 v1.2.0
[INFO] [stderr]    Compiling cc v1.0.59
[INFO] [stderr]     Checking xdg v2.2.0
[INFO] [stderr]     Checking smallvec v1.4.2
[INFO] [stderr]    Compiling crc32fast v1.2.0
[INFO] [stderr]     Checking instant v0.1.6
[INFO] [stderr]     Checking lzw v0.10.0
[INFO] [stderr]     Checking gimli v0.22.0
[INFO] [stderr]     Checking adler v0.2.3
[INFO] [stderr]     Checking either v1.6.0
[INFO] [stderr]     Checking color_quant v1.0.1
[INFO] [stderr]     Checking object v0.20.0
[INFO] [stderr]     Checking scoped_threadpool v0.1.9
[INFO] [stderr]     Checking takeable-option v0.5.0
[INFO] [stderr]     Checking fnv v1.0.7
[INFO] [stderr]     Checking bytemuck v1.4.1
[INFO] [stderr]     Checking lock_api v0.3.4
[INFO] [stderr]     Checking walkdir v2.3.1
[INFO] [stderr]     Checking miniz_oxide v0.3.7
[INFO] [stderr]     Checking gif v0.10.3
[INFO] [stderr]     Checking stb_truetype v0.3.1
[INFO] [stderr]     Checking deflate v0.8.6
[INFO] [stderr]     Checking dlib v0.4.2
[INFO] [stderr]    Compiling num-traits v0.2.12
[INFO] [stderr]    Compiling memoffset v0.5.5
[INFO] [stderr]    Compiling crossbeam-utils v0.7.2
[INFO] [stderr]    Compiling crossbeam-epoch v0.8.2
[INFO] [stderr]    Compiling num-integer v0.1.43
[INFO] [stderr]    Compiling miniz_oxide v0.4.2
[INFO] [stderr]    Compiling rayon v1.4.0
[INFO] [stderr]    Compiling num-iter v0.1.41
[INFO] [stderr]    Compiling num-rational v0.3.0
[INFO] [stderr]    Compiling gl_generator v0.14.0
[INFO] [stderr]     Checking wayland-sys v0.23.6
[INFO] [stderr]    Compiling x11-dl v2.18.5
[INFO] [stderr]     Checking tiff v0.5.0
[INFO] [stderr]    Compiling quote v0.6.13
[INFO] [stderr]     Checking png v0.16.7
[INFO] [stderr]     Checking net2 v0.2.35
[INFO] [stderr]     Checking iovec v0.1.4
[INFO] [stderr]     Checking num_cpus v1.13.0
[INFO] [stderr]     Checking memmap v0.7.0
[INFO] [stderr]     Checking parking_lot_core v0.7.2
[INFO] [stderr]     Checking raw-window-handle v0.3.3
[INFO] [stderr]     Checking shared_library v0.1.9
[INFO] [stderr]    Compiling wayland-scanner v0.23.6
[INFO] [stderr]     Checking mio v0.6.22
[INFO] [stderr]     Checking osmesa-sys v0.1.2
[INFO] [stderr]     Checking parking_lot v0.10.2
[INFO] [stderr]     Checking crossbeam-channel v0.4.4
[INFO] [stderr]    Compiling libloading v0.5.2
[INFO] [stderr]     Checking approx v0.3.2
[INFO] [stderr]     Checking ordered-float v1.1.0
[INFO] [stderr]     Checking line_drawing v0.7.0
[INFO] [stderr]    Compiling glutin_egl_sys v0.1.5
[INFO] [stderr]    Compiling glutin_glx_sys v0.1.7
[INFO] [stderr]    Compiling glium v0.27.0
[INFO] [stderr]     Checking rusttype v0.8.3
[INFO] [stderr]     Checking crossbeam-deque v0.7.3
[INFO] [stderr]     Checking mio-extras v2.0.6
[INFO] [stderr]     Checking rayon-core v1.8.0
[INFO] [stderr]     Checking rusttype v0.7.9
[INFO] [stderr]     Checking andrew v0.2.1
[INFO] [stderr]     Checking addr2line v0.13.0
[INFO] [stderr]     Checking backtrace v0.3.50
[INFO] [stderr]    Compiling wayland-client v0.23.6
[INFO] [stderr]    Compiling wayland-protocols v0.23.6
[INFO] [stderr]     Checking wayland-commons v0.23.6
[INFO] [stderr]     Checking calloop v0.4.4
[INFO] [stderr]     Checking jpeg-decoder v0.1.20
[INFO] [stderr]     Checking image v0.23.9
[INFO] [stderr]     Checking smithay-client-toolkit v0.6.6
[INFO] [stderr]     Checking winit v0.22.2
[INFO] [stderr]     Checking glutin v0.24.1
[INFO] [stderr]     Checking opengl v0.1.0 (/opt/rustwide/workdir)
[INFO] [stdout] error[E0432]: unresolved import `glutin::WindowEvent`
[INFO] [stdout]    --> src/main.rs:145:33
[INFO] [stdout]     |
[INFO] [stdout] 145 |                     use glutin::WindowEvent::*;
[INFO] [stdout]     |                                 ^^^^^^^^^^^ could not find `WindowEvent` in `glutin`
[INFO] [stdout] 
[INFO] [stdout] 
[INFO] [stdout] error[E0432]: unresolved import `glutin::VirtualKeyCode`
[INFO] [stdout]    --> src/main.rs:178:41
[INFO] [stdout]     |
[INFO] [stdout] 178 | ...                   use glutin::VirtualKeyCode::*;
[INFO] [stdout]     |                                   ^^^^^^^^^^^^^^ could not find `VirtualKeyCode` in `glutin`
[INFO] [stdout] 
[INFO] [stdout] 
[INFO] [stdout] error[E0432]: unresolved import `glutin::ElementState`
[INFO] [stdout]    --> src/main.rs:179:41
[INFO] [stdout]     |
[INFO] [stdout] 179 | ...                   use glutin::ElementState::Pressed;
[INFO] [stdout]     |                                   ^^^^^^^^^^^^ could not find `ElementState` in `glutin`
[INFO] [stdout] 
[INFO] [stdout] 
[INFO] [stdout] error[E0432]: unresolved import `glutin::WindowEvent`
[INFO] [stdout]    --> src/main.rs:145:33
[INFO] [stdout]     |
[INFO] [stdout] 145 |                     use glutin::WindowEvent::*;
[INFO] [stdout]     |                                 ^^^^^^^^^^^ could not find `WindowEvent` in `glutin`
[INFO] [stdout] 
[INFO] [stdout] 
[INFO] [stdout] error[E0432]: unresolved import `glutin::VirtualKeyCode`
[INFO] [stdout]    --> src/main.rs:178:41
[INFO] [stdout]     |
[INFO] [stdout] 178 | ...                   use glutin::VirtualKeyCode::*;
[INFO] [stdout]     |                                   ^^^^^^^^^^^^^^ could not find `VirtualKeyCode` in `glutin`
[INFO] [stdout] 
[INFO] [stdout] 
[INFO] [stdout] error[E0432]: unresolved import `glutin::ElementState`
[INFO] [stdout]    --> src/main.rs:179:41
[INFO] [stdout]     |
[INFO] [stdout] 179 | ...                   use glutin::ElementState::Pressed;
[INFO] [stdout]     |                                   ^^^^^^^^^^^^ could not find `ElementState` in `glutin`
[INFO] [stdout] 
[INFO] [stdout] 
[INFO] [stdout] error[E0433]: failed to resolve: could not find `EventsLoop` in `glutin`
[INFO] [stdout]   --> src/main.rs:18:35
[INFO] [stdout]    |
[INFO] [stdout] 18 |     let mut events_loop = glutin::EventsLoop::new();
[INFO] [stdout]    |                                   ^^^^^^^^^^ could not find `EventsLoop` in `glutin`
[INFO] [stdout] 
[INFO] [stdout] 
[INFO] [stdout] error[E0433]: failed to resolve: could not find `Event` in `glutin`
[INFO] [stdout]    --> src/main.rs:144:25
[INFO] [stdout]     |
[INFO] [stdout] 144 |                 glutin::Event::WindowEvent { event, .. } => {
[INFO] [stdout]     |                         ^^^^^ could not find `Event` in `glutin`
[INFO] [stdout] 
[INFO] [stdout] 
[INFO] [stdout] error[E0433]: failed to resolve: could not find `MouseScrollDelta` in `glutin`
[INFO] [stdout]    --> src/main.rs:153:41
[INFO] [stdout]     |
[INFO] [stdout] 153 | ...                   glutin::MouseScrollDelta::LineDelta(_, y) => {
[INFO] [stdout]     |                               ^^^^^^^^^^^^^^^^ could not find `MouseScrollDelta` in `glutin`
[INFO] [stdout] 
[INFO] [stdout] 
[INFO] [stdout] error[E0433]: failed to resolve: could not find `MouseScrollDelta` in `glutin`
[INFO] [stdout]    --> src/main.rs:156:41
[INFO] [stdout]     |
[INFO] [stdout] 156 | ...                   glutin::MouseScrollDelta::PixelDelta(pos) => {
[INFO] [stdout]     |                               ^^^^^^^^^^^^^^^^ could not find `MouseScrollDelta` in `glutin`
[INFO] [stdout] 
[INFO] [stdout] 
[INFO] [stdout] error[E0433]: failed to resolve: could not find `WindowBuilder` in `glutin`
[INFO] [stdout]   --> src/main.rs:19:26
[INFO] [stdout]    |
[INFO] [stdout] 19 |     let window = glutin::WindowBuilder::new();
[INFO] [stdout]    |                          ^^^^^^^^^^^^^ not found in `glutin`
[INFO] [stdout]    |
[INFO] [stdout] help: consider importing this struct
[INFO] [stdout]    |
[INFO] [stdout] 6  | use glutin::window::WindowBuilder;
[INFO] [stdout]    |
[INFO] [stdout] 
[INFO] [stdout] 
[INFO] [stdout] error[E0433]: failed to resolve: could not find `EventsLoop` in `glutin`
[INFO] [stdout]   --> src/main.rs:18:35
[INFO] [stdout]    |
[INFO] [stdout] 18 |     let mut events_loop = glutin::EventsLoop::new();
[INFO] [stdout]    |                                   ^^^^^^^^^^ could not find `EventsLoop` in `glutin`
[INFO] [stdout] 
[INFO] [stdout] 
[INFO] [stdout] error[E0425]: cannot find value `PNG` in crate `image`
[INFO] [stdout]   --> src/main.rs:27:36
[INFO] [stdout]    |
[INFO] [stdout] 27 | ...                   image::PNG).expect("error loading png").to_rgba();
[INFO] [stdout]    |                              ^^^ not found in `image`
[INFO] [stdout] 
[INFO] [stdout] 
[INFO] [stdout] error[E0422]: cannot find struct, variant or union type `MouseWheel` in this scope
[INFO] [stdout]    --> src/main.rs:148:25
[INFO] [stdout]     |
[INFO] [stdout] 148 |                         MouseWheel { delta, .. } => {
[INFO] [stdout]     |                         ^^^^^^^^^^ not found in this scope
[INFO] [stdout]     |
[INFO] [stdout] help: consider importing one of these items
[INFO] [stdout]     |
[INFO] [stdout] 6   | use glutin::event::DeviceEvent::MouseWheel;
[INFO] [stdout]     |
[INFO] [stdout] 6   | use glutin::event::WindowEvent::MouseWheel;
[INFO] [stdout]     |
[INFO] [stdout] 
[INFO] [stdout] 
[INFO] [stdout] error[E0422]: cannot find struct, variant or union type `CursorMoved` in this scope
[INFO] [stdout]    --> src/main.rs:169:25
[INFO] [stdout]     |
[INFO] [stdout] 169 |                         CursorMoved { position, .. } => cursor = position.to_physical(dpi_factor),
[INFO] [stdout]     |                         ^^^^^^^^^^^ not found in this scope
[INFO] [stdout]     |
[INFO] [stdout] help: consider importing this variant
[INFO] [stdout]     |
[INFO] [stdout] 6   | use glutin::event::WindowEvent::CursorMoved;
[INFO] [stdout]     |
[INFO] [stdout] 
[INFO] [stdout] 
[INFO] [stdout] error[E0531]: cannot find tuple struct or tuple variant `Resized` in this scope
[INFO] [stdout]    --> src/main.rs:170:25
[INFO] [stdout]     |
[INFO] [stdout] 170 |                         Resized(size) => wsize = size.to_physical(dpi_factor),
[INFO] [stdout]     |                         ^^^^^^^ not found in this scope
[INFO] [stdout]     |
[INFO] [stdout] help: consider importing this tuple variant
[INFO] [stdout]     |
[INFO] [stdout] 6   | use glutin::event::WindowEvent::Resized;
[INFO] [stdout]     |
[INFO] [stdout] 
[INFO] [stdout] 
[INFO] [stdout] error[E0422]: cannot find struct, variant or union type `MouseInput` in this scope
[INFO] [stdout]    --> src/main.rs:172:25
[INFO] [stdout]     |
[INFO] [stdout] 172 |                         MouseInput { .. } => { 
[INFO] [stdout]     |                         ^^^^^^^^^^ not found in this scope
[INFO] [stdout]     |
[INFO] [stdout] help: consider importing this variant
[INFO] [stdout]     |
[INFO] [stdout] 6   | use glutin::event::WindowEvent::MouseInput;
[INFO] [stdout]     |
[INFO] [stdout] 
[INFO] [stdout] 
[INFO] [stdout] error[E0422]: cannot find struct, variant or union type `KeyboardInput` in this scope
[INFO] [stdout]    --> src/main.rs:177:25
[INFO] [stdout]     |
[INFO] [stdout] 177 |                         KeyboardInput { input, .. } => { 
[INFO] [stdout]     |                         ^^^^^^^^^^^^^ not found in this scope
[INFO] [stdout]     |
[INFO] [stdout] help: consider importing one of these items
[INFO] [stdout]     |
[INFO] [stdout] 6   | use glutin::event::KeyboardInput;
[INFO] [stdout]     |
[INFO] [stdout] 6   | use glutin::event::WindowEvent::KeyboardInput;
[INFO] [stdout]     |
[INFO] [stdout] 
[INFO] [stdout] 
[INFO] [stdout] warning: the item `glutin` is imported redundantly
[INFO] [stdout]   --> src/main.rs:16:17
[INFO] [stdout]    |
[INFO] [stdout] 4  | extern crate glutin;
[INFO] [stdout]    | -------------------- the item `glutin` is already imported here
[INFO] [stdout] ...
[INFO] [stdout] 16 |     use glium::{glutin, Surface};
[INFO] [stdout]    |                 ^^^^^^
[INFO] [stdout]    |
[INFO] [stdout]    = note: `#[warn(unused_imports)]` on by default
[INFO] [stdout] 
[INFO] [stdout] 
[INFO] [stdout] error[E0433]: failed to resolve: could not find `Event` in `glutin`
[INFO] [stdout]    --> src/main.rs:144:25
[INFO] [stdout]     |
[INFO] [stdout] 144 |                 glutin::Event::WindowEvent { event, .. } => {
[INFO] [stdout]     |                         ^^^^^ could not find `Event` in `glutin`
[INFO] [stdout] 
[INFO] [stdout] 
[INFO] [stdout] error[E0107]: wrong number of type arguments: expected 1, found 0
[INFO] [stdout]    --> src/main.rs:211:29
[INFO] [stdout]     |
[INFO] [stdout] 211 | fn get_true_cursor (cursor: glutin::dpi::PhysicalPosition, size: glutin::dpi::PhysicalSize) -> (f64, f64) {
[INFO] [stdout]     |                             ^^^^^^^^^^^^^^^^^^^^^^^^^^^^^ expected 1 type argument
[INFO] [stdout] 
[INFO] [stdout] 
[INFO] [stdout] error[E0107]: wrong number of type arguments: expected 1, found 0
[INFO] [stdout]    --> src/main.rs:211:66
[INFO] [stdout]     |
[INFO] [stdout] 211 | fn get_true_cursor (cursor: glutin::dpi::PhysicalPosition, size: glutin::dpi::PhysicalSize) -> (f64, f64) {
[INFO] [stdout]     |                                                                  ^^^^^^^^^^^^^^^^^^^^^^^^^ expected 1 type argument
[INFO] [stdout] 
[INFO] [stdout] 
[INFO] [stdout] error[E0433]: failed to resolve: could not find `MouseScrollDelta` in `glutin`
[INFO] [stdout]    --> src/main.rs:153:41
[INFO] [stdout]     |
[INFO] [stdout] 153 | ...                   glutin::MouseScrollDelta::LineDelta(_, y) => {
[INFO] [stdout]     |                               ^^^^^^^^^^^^^^^^ could not find `MouseScrollDelta` in `glutin`
[INFO] [stdout] 
[INFO] [stdout] 
[INFO] [stdout] error[E0433]: failed to resolve: could not find `MouseScrollDelta` in `glutin`
[INFO] [stdout]    --> src/main.rs:156:41
[INFO] [stdout]     |
[INFO] [stdout] 156 | ...                   glutin::MouseScrollDelta::PixelDelta(pos) => {
[INFO] [stdout]     |                               ^^^^^^^^^^^^^^^^ could not find `MouseScrollDelta` in `glutin`
[INFO] [stdout] 
[INFO] [stdout] 
[INFO] [stdout] error: aborting due to 16 previous errors; 1 warning emitted
[INFO] [stdout] 
[INFO] [stdout] 
[INFO] [stdout] Some errors have detailed explanations: E0107, E0422, E0425, E0432, E0433, E0531.
[INFO] [stdout] 
[INFO] [stdout] For more information about an error, try `rustc --explain E0107`.
[INFO] [stdout] 
[INFO] [stdout] error[E0433]: failed to resolve: could not find `WindowBuilder` in `glutin`
[INFO] [stdout]   --> src/main.rs:19:26
[INFO] [stdout]    |
[INFO] [stdout] 19 |     let window = glutin::WindowBuilder::new();
[INFO] [stdout]    |                          ^^^^^^^^^^^^^ not found in `glutin`
[INFO] [stdout]    |
[INFO] [stdout] help: consider importing this struct
[INFO] [stdout]    |
[INFO] [stdout] 6  | use glutin::window::WindowBuilder;
[INFO] [stdout]    |
[INFO] [stdout] 
[INFO] [stdout] 
[INFO] [stderr] error: could not compile `opengl`.
[INFO] [stdout] error[E0425]: cannot find value `PNG` in crate `image`
[INFO] [stdout]   --> src/main.rs:27:36
[INFO] [stdout]    |
[INFO] [stdout] 27 | ...                   image::PNG).expect("error loading png").to_rgba();
[INFO] [stdout]    |                              ^^^ not found in `image`
[INFO] [stdout] 
[INFO] [stdout] 
[INFO] [stderr] 
[INFO] [stdout] error[E0422]: cannot find struct, variant or union type `MouseWheel` in this scope
[INFO] [stdout]    --> src/main.rs:148:25
[INFO] [stdout]     |
[INFO] [stdout] 148 |                         MouseWheel { delta, .. } => {
[INFO] [stdout]     |                         ^^^^^^^^^^ not found in this scope
[INFO] [stdout]     |
[INFO] [stdout] help: consider importing one of these items
[INFO] [stdout]     |
[INFO] [stdout] 6   | use glutin::event::DeviceEvent::MouseWheel;
[INFO] [stdout]     |
[INFO] [stdout] 6   | use glutin::event::WindowEvent::MouseWheel;
[INFO] [stdout]     |
[INFO] [stdout] 
[INFO] [stdout] 
[INFO] [stderr] To learn more, run the command again with --verbose.
[INFO] [stdout] error[E0422]: cannot find struct, variant or union type `CursorMoved` in this scope
[INFO] [stdout]    --> src/main.rs:169:25
[INFO] [stdout]     |
[INFO] [stdout] 169 |                         CursorMoved { position, .. } => cursor = position.to_physical(dpi_factor),
[INFO] [stdout]     |                         ^^^^^^^^^^^ not found in this scope
[INFO] [stdout]     |
[INFO] [stdout] help: consider importing this variant
[INFO] [stdout]     |
[INFO] [stdout] 6   | use glutin::event::WindowEvent::CursorMoved;
[INFO] [stdout]     |
[INFO] [stdout] 
[INFO] [stdout] 
[INFO] [stderr] warning: build failed, waiting for other jobs to finish...
[INFO] [stdout] error[E0531]: cannot find tuple struct or tuple variant `Resized` in this scope
[INFO] [stdout]    --> src/main.rs:170:25
[INFO] [stdout]     |
[INFO] [stdout] 170 |                         Resized(size) => wsize = size.to_physical(dpi_factor),
[INFO] [stdout]     |                         ^^^^^^^ not found in this scope
[INFO] [stdout]     |
[INFO] [stdout] help: consider importing this tuple variant
[INFO] [stdout]     |
[INFO] [stdout] 6   | use glutin::event::WindowEvent::Resized;
[INFO] [stdout]     |
[INFO] [stdout] 
[INFO] [stdout] 
[INFO] [stdout] error[E0422]: cannot find struct, variant or union type `MouseInput` in this scope
[INFO] [stdout]    --> src/main.rs:172:25
[INFO] [stdout]     |
[INFO] [stdout] 172 |                         MouseInput { .. } => { 
[INFO] [stdout]     |                         ^^^^^^^^^^ not found in this scope
[INFO] [stdout]     |
[INFO] [stdout] help: consider importing this variant
[INFO] [stdout]     |
[INFO] [stdout] 6   | use glutin::event::WindowEvent::MouseInput;
[INFO] [stdout]     |
[INFO] [stdout] 
[INFO] [stdout] 
[INFO] [stdout] error[E0422]: cannot find struct, variant or union type `KeyboardInput` in this scope
[INFO] [stdout]    --> src/main.rs:177:25
[INFO] [stdout]     |
[INFO] [stdout] 177 |                         KeyboardInput { input, .. } => { 
[INFO] [stdout]     |                         ^^^^^^^^^^^^^ not found in this scope
[INFO] [stdout]     |
[INFO] [stdout] help: consider importing one of these items
[INFO] [stdout]     |
[INFO] [stdout] 6   | use glutin::event::KeyboardInput;
[INFO] [stdout]     |
[INFO] [stdout] 6   | use glutin::event::WindowEvent::KeyboardInput;
[INFO] [stdout]     |
[INFO] [stdout] 
[INFO] [stdout] 
[INFO] [stdout] warning: the item `glutin` is imported redundantly
[INFO] [stdout]   --> src/main.rs:16:17
[INFO] [stdout]    |
[INFO] [stdout] 4  | extern crate glutin;
[INFO] [stdout]    | -------------------- the item `glutin` is already imported here
[INFO] [stdout] ...
[INFO] [stdout] 16 |     use glium::{glutin, Surface};
[INFO] [stdout]    |                 ^^^^^^
[INFO] [stdout]    |
[INFO] [stdout]    = note: `#[warn(unused_imports)]` on by default
[INFO] [stdout] 
[INFO] [stdout] 
[INFO] [stdout] error[E0107]: wrong number of type arguments: expected 1, found 0
[INFO] [stdout]    --> src/main.rs:211:29
[INFO] [stdout]     |
[INFO] [stdout] 211 | fn get_true_cursor (cursor: glutin::dpi::PhysicalPosition, size: glutin::dpi::PhysicalSize) -> (f64, f64) {
[INFO] [stdout]     |                             ^^^^^^^^^^^^^^^^^^^^^^^^^^^^^ expected 1 type argument
[INFO] [stdout] 
[INFO] [stdout] 
[INFO] [stdout] error[E0107]: wrong number of type arguments: expected 1, found 0
[INFO] [stdout]    --> src/main.rs:211:66
[INFO] [stdout]     |
[INFO] [stdout] 211 | fn get_true_cursor (cursor: glutin::dpi::PhysicalPosition, size: glutin::dpi::PhysicalSize) -> (f64, f64) {
[INFO] [stdout]     |                                                                  ^^^^^^^^^^^^^^^^^^^^^^^^^ expected 1 type argument
[INFO] [stdout] 
[INFO] [stdout] 
[INFO] [stdout] error: aborting due to 16 previous errors; 1 warning emitted
[INFO] [stdout] 
[INFO] [stdout] 
[INFO] [stdout] Some errors have detailed explanations: E0107, E0422, E0425, E0432, E0433, E0531.
[INFO] [stdout] 
[INFO] [stdout] For more information about an error, try `rustc --explain E0107`.
[INFO] [stdout] 
[INFO] [stderr] error: build failed
[INFO] running `Command { std: "docker" "inspect" "45ba12a361c1331349c956e1dcec610628782173d97df61d2b800775e3ba7879", kill_on_drop: false }`
[INFO] running `Command { std: "docker" "rm" "-f" "45ba12a361c1331349c956e1dcec610628782173d97df61d2b800775e3ba7879", kill_on_drop: false }`
[INFO] [stdout] 45ba12a361c1331349c956e1dcec610628782173d97df61d2b800775e3ba7879
